{"version":"1.0","provider_name":"Thomas Huebl","provider_url":"https:\/\/thomashuebl.com\/de\/","title":"Veranstaltungskalender - Thomas Huebl","type":"rich","width":600,"height":338,"html":"<blockquote class=\"wp-embedded-content\" data-secret=\"L735eRPtSf\"><a href=\"https:\/\/thomashuebl.com\/de\/veranstaltungskalender\/\">Veranstaltungskalender<\/a><\/blockquote><iframe sandbox=\"allow-scripts\" security=\"restricted\" src=\"https:\/\/thomashuebl.com\/de\/veranstaltungskalender\/embed\/#?secret=L735eRPtSf\" width=\"600\" height=\"338\" title=\"&#8222;Veranstaltungskalender&#8220; &#8212; Thomas Huebl\" data-secret=\"L735eRPtSf\" frameborder=\"0\" marginwidth=\"0\" marginheight=\"0\" scrolling=\"no\" class=\"wp-embedded-content\"><\/iframe><script>\n\/*! This file is auto-generated *\/\n!function(d,l){\"use strict\";l.querySelector&&d.addEventListener&&\"undefined\"!=typeof URL&&(d.wp=d.wp||{},d.wp.receiveEmbedMessage||(d.wp.receiveEmbedMessage=function(e){var t=e.data;if((t||t.secret||t.message||t.value)&&!\/[^a-zA-Z0-9]\/.test(t.secret)){for(var s,r,n,a=l.querySelectorAll('iframe[data-secret=\"'+t.secret+'\"]'),o=l.querySelectorAll('blockquote[data-secret=\"'+t.secret+'\"]'),c=new RegExp(\"^https?:$\",\"i\"),i=0;i<o.length;i++)o[i].style.display=\"none\";for(i=0;i<a.length;i++)s=a[i],e.source===s.contentWindow&&(s.removeAttribute(\"style\"),\"height\"===t.message?(1e3<(r=parseInt(t.value,10))?r=1e3:~~r<200&&(r=200),s.height=r):\"link\"===t.message&&(r=new URL(s.getAttribute(\"src\")),n=new URL(t.value),c.test(n.protocol))&&n.host===r.host&&l.activeElement===s&&(d.top.location.href=t.value))}},d.addEventListener(\"message\",d.wp.receiveEmbedMessage,!1),l.addEventListener(\"DOMContentLoaded\",function(){for(var e,t,s=l.querySelectorAll(\"iframe.wp-embedded-content\"),r=0;r<s.length;r++)(t=(e=s[r]).getAttribute(\"data-secret\"))||(t=Math.random().toString(36).substring(2,12),e.src+=\"#?secret=\"+t,e.setAttribute(\"data-secret\",t)),e.contentWindow.postMessage({message:\"ready\",secret:t},\"*\")},!1)))}(window,document);\n\/\/# sourceURL=https:\/\/thomashuebl.com\/wp-includes\/js\/wp-embed.min.js\n<\/script>\n","description":"Sieh dir den Kalender der kommenden Veranstaltungen und Retreats mit Thomas H\u00fcb an. Werde Mitglied im Mystic Cafe, melde dich f\u00fcr den kostenlosen Collective Trauma Summit an, schalte dich ein f\u00fcr die Global Download Meditations, Relational Attunement Sessions und mehr.","thumbnail_url":"https:\/\/thomashuebl.com\/wp-content\/uploads\/2023\/08\/thomashueblpl_03.jpg","thumbnail_width":1200,"thumbnail_height":630}

Sieh dir den Kalender der kommenden Veranstaltungen und Retreats mit Thomas Hüb an. Werde Mitglied im Mystic Cafe, melde dich für den kostenlosen Collective Trauma Summit an, schalte dich ein für die Global Download Meditations, Relational Attunement Sessions und mehr.
