{"version":"1.0","provider_name":"Thomas Huebl","provider_url":"https:\/\/thomashuebl.com\/de\/","title":"Kollektives Trauma und Demokratie - Thomas Huebl","type":"rich","width":600,"height":338,"html":"<blockquote class=\"wp-embedded-content\" data-secret=\"Xb4H4cmzEe\"><a href=\"https:\/\/thomashuebl.com\/de\/kollektives-trauma-und-demokratie-claudine-nierth\/\">Kollektives Trauma und Demokratie<\/a><\/blockquote><iframe sandbox=\"allow-scripts\" security=\"restricted\" src=\"https:\/\/thomashuebl.com\/de\/kollektives-trauma-und-demokratie-claudine-nierth\/embed\/#?secret=Xb4H4cmzEe\" width=\"600\" height=\"338\" title=\"&#8222;Kollektives Trauma und Demokratie&#8220; &#8212; Thomas Huebl\" data-secret=\"Xb4H4cmzEe\" frameborder=\"0\" marginwidth=\"0\" marginheight=\"0\" scrolling=\"no\" class=\"wp-embedded-content\"><\/iframe><script>\n\/*! This file is auto-generated *\/\n!function(d,l){\"use strict\";l.querySelector&&d.addEventListener&&\"undefined\"!=typeof URL&&(d.wp=d.wp||{},d.wp.receiveEmbedMessage||(d.wp.receiveEmbedMessage=function(e){var t=e.data;if((t||t.secret||t.message||t.value)&&!\/[^a-zA-Z0-9]\/.test(t.secret)){for(var s,r,n,a=l.querySelectorAll('iframe[data-secret=\"'+t.secret+'\"]'),o=l.querySelectorAll('blockquote[data-secret=\"'+t.secret+'\"]'),c=new RegExp(\"^https?:$\",\"i\"),i=0;i<o.length;i++)o[i].style.display=\"none\";for(i=0;i<a.length;i++)s=a[i],e.source===s.contentWindow&&(s.removeAttribute(\"style\"),\"height\"===t.message?(1e3<(r=parseInt(t.value,10))?r=1e3:~~r<200&&(r=200),s.height=r):\"link\"===t.message&&(r=new URL(s.getAttribute(\"src\")),n=new URL(t.value),c.test(n.protocol))&&n.host===r.host&&l.activeElement===s&&(d.top.location.href=t.value))}},d.addEventListener(\"message\",d.wp.receiveEmbedMessage,!1),l.addEventListener(\"DOMContentLoaded\",function(){for(var e,t,s=l.querySelectorAll(\"iframe.wp-embedded-content\"),r=0;r<s.length;r++)(t=(e=s[r]).getAttribute(\"data-secret\"))||(t=Math.random().toString(36).substring(2,12),e.src+=\"#?secret=\"+t,e.setAttribute(\"data-secret\",t)),e.contentWindow.postMessage({message:\"ready\",secret:t},\"*\")},!1)))}(window,document);\n\/\/# sourceURL=https:\/\/thomashuebl.com\/wp-includes\/js\/wp-embed.min.js\n<\/script>\n","thumbnail_url":"https:\/\/thomashuebl.com\/wp-content\/uploads\/2023\/07\/Demokratie-CT-Blog-header-2-300x300-1.jpg","thumbnail_width":300,"thumbnail_height":300,"description":"Thomas H\u00fcbl und Claudine Nierth von Mehr Demokratie im Gespr\u00e4ch Claudine Nierth ist Politaktivistin und K\u00fcnstlerin und setzt sich seit Jahren f\u00fcr direkte Demokratie und B\u00fcrgerbeteiligung. Sie ist Bundesvorstandssprecherin der Organisation &#8220;Mehr Demokratie&#8221;. Das hochinteressante Gespr\u00e4ch fand am 11. April online statt, und \u00fcber 1.100 Menschen waren live dabei. Wir erleben in den letzten Jahren [&hellip;]"}

Thomas Hübl und Claudine Nierth von Mehr Demokratie im Gespräch Claudine Nierth ist Politaktivistin und Künstlerin und setzt sich seit Jahren für direkte Demokratie und Bürgerbeteiligung. Sie ist Bundesvorstandssprecherin der Organisation &#8220;Mehr Demokratie&#8221;. Das hochinteressante Gespräch fand am 11. April online statt, und über 1.100 Menschen waren live dabei. Wir erleben in den letzten Jahren [&hellip;]
